ands digit of 22886663?
6
What is the hundreds digit of 7214263?
2
What is the tens digit of 187971?
7
What is the millions digit of 1361004?
1
What is the hundreds digit of 1617142?
1
What is the hundred thousands digit of 2705936?
7
What is the hundred thousands digit of 205646?
2
What is the units digit of 35944?
4
What is the tens digit of 4949719?
1
What is the ten thousands digit of 347130?
4
What is the tens digit of 1726881?
8
What is the ten thousands digit of 163978?
6
What is the tens digit of 1256284?
8
What is the thousands digit of 781047?
1
What is the millions digit of 12764176?
2
What is the tens digit of 1594904?
0
What is the hundreds digit of 15349889?
8
What is the ten thousands digit of 436752?
3
What is the millions digit of 1092795?
1
What is the hundreds digit of 372259?
2
What is the thousands digit of 4071381?
1
What is the hundreds digit of 4684563?
5
What is the ten thousands digit of 2920532?
2
What is the units digit of 3211731?
1
What is the thousands digit of 1746599?
6
What is the ten thousands digit of 4045975?
4
What is the thousands digit of 11432487?
2
What is the units digit of 1435293?
3
What is the tens digit of 30358064?
6
What is the units digit of 898638?
8
What is the hundreds digit of 60885?
8
What is the tens digit of 135398?
9
What is the hundred thousands digit of 385835?
3
What is the hundreds digit of 2235406?
4
What is the tens digit of 1989057?
5
What is the hundreds digit of 1131830?
8
What is the hundreds digit of 921312?
3
What is the hundred thousands digit of 20810919?
8
What is the tens digit of 110484?
8
What is the ten thousands digit of 702353?
0
What is the ten thousands digit of 349264?
4
What is the thousands digit of 12336461?
6
What is the units digit of 40900?
0
What is the thousands digit of 2786020?
6
What is the units digit of 30944998?
8
What is the hundreds digit of 167910?
9
What is the ten thousands digit of 299649?
9
What is the hundred thousands digit of 39445534?
4
What is the ten millions digit of 10961667?
1
What is the ten thousands digit of 1719824?
1
What is the tens digit of 3808311?
1
What is the millions digit of 1303859?
1
What is the units digit of 450367?
7
What is the hundreds digit of 36855195?
1
What is the hundreds digit of 8325555?
5
What is the ten thousands digit of 891166?
9
What is the hundreds digit of 70664?
6
What is the tens digit of 695891?
9
What is the hundreds digit of 319987?
9
What is the thousands digit of 82501?
2
What is the thousands digit of 3985957?
5
What is the hundred thousands digit of 4003765?
0
What is the thousands digit of 537275?
7
What is the hundred thousands digit of 154438?
1
What is the thousands digit of 16346782?
6
What is the thousands digit of 1505736?
5
What is the ten thousands digit of 210089?
1
What is the hundreds digit of 595445?
4
What is the units digit of 3813525?
5
What is the units digit of 6363335?
5
What is the hundreds digit of 16942?
9
What is the thousands digit of 427901?
7
What is the hundred thousands digit of 3719504?
7
What is the ten thousands digit of 128371?
2
What is the units digit of 511826?
6
What is the units digit of 853688?
8
What is the hundreds digit of 616768?
7
What is the hundred thousands digit of 246036?
2
What is the hundred thousands digit of 158251?
1
What is the units digit of 225254?
4
What is the ten thousands digit of 1594434?
9
What is the ten thousands digit of 3748645?
4
What is the hundreds digit of 759502?
5
What is the thousands digit of 634854?
4
What is the hundred thousands digit of 484734?
4
What is the hundred thousands digit of 5782406?
7
What is the hundred thousands digit of 183386?
1
What is the hundred thousands digit of 1936556?
9
What is the hundreds digit of 7834356?
3
What is the millions digit of 1013561?
1
What is the tens digit of 111722?
2
What is the hundred thousands digit of 263950?
2
What is the ten thousands digit of 177783?
7
What is the ten thousands digit of 66085?
6
What is the thousands digit of 478162?
8
What is the hundred thousands digit of 986175?
9
What is the hundreds digit of 78118?
1
What is the units digit of 231170?
0
What is the hundreds digit of 1347396?
3
What is the hundred thousands digit of 3769346?
7
What is the hundreds digit of 1226581?
5
What is the hundred thousands digit of 4859811?
8
What is the ten thousands digit of 212594?
1
What is the ten thousands digit of 4047686?
4
What is the ten thousands digit of 872454?
7
What is the hundred thousands digit of 4027782?
0
What is the hundred thousands digit of 26307976?
3
What is the hundred thousands digit of 25687196?
6
What is the tens digit of 15253?
5
What is the hundreds digit of 3404949?
9
What is the hundred thousands digit of 195655?
1
What is the millions digit of 4774916?
4
What is the tens digit of 2858988?
8
What is the hundred thousands digit of 7830114?
8
What is the thousands digit of 777489?
7
What is the hundred thousands digit of 3471569?
4
What is the hundreds digit of 169876?
8
What is the hundreds digit of 273204?
2
What is the tens digit of 787267?
6
What is the hundred thousands digit of 369329?
3
What is the millions digit of 37653938?
7
What is the hundreds digit of 1968453?
4
What is the units digit of 2811126?
6
What is the thousands digit of 55188?
5
What is the tens digit of 12700?
0
What is the tens digit of 2709451?
5
What is the tens digit of 361875?
7
What is the hundred thousands digit of 531639?
5
What is the hundreds digit of 15836606?
6
What is the millions digit of 4666838?
4
What is the tens digit of 191808?
0
What is the thousands digit of 18075671?
5
What is the units digit of 12962792?
2
What is the ten thousands digit of 30667?
3
What is the hundred thousands digit of 25029926?
0
What is the units digit of 1314075?
5
What is the ten thousands digit of 771009?
7
What is the tens digit of 2009907?
0
What is the ten thousands digit of 649826?
4
What is the hundreds digit of 56713?
7
What is the thousands digit of 526822?
6
What is the hundreds digit of 1080316?
3
What is the ten thousands digit of 2607085?
0
What is the ten thousands digit of 1495295?
9
What is the hundreds digit of 23320901?
9
What is the units digit of 433935?
5
What is the ten millions digit of 13148957?
1
What is the units digit of 14034696?
6
What is the thousands digit of 15640435?
0
What is the millions digit of 3735496?
3
What is the hundred thousands digit of 456721?
4
What is the tens digit of 506869?
6
What is the tens digit of 886082?
8
What is the units digit of 7160107?
7
What is the hundred thousands digit of 17955427?
9
What is the hundred thousands digit of 3679969?
6
What is the hundreds digit of 417644?
6
What is the units digit of 605283?
3
What is the hundreds digit of 2785241?
2
What is the units digit of 726517?
7
What is the ten thousands digit of 750010?
5
What is the units digit of 3815672?
2
What is the hundred thousands digit of 948535?
9
What is the thousands digit of 573641?
3
What is the tens digit of 505481?
8
What is the tens digit of 11673352?
5
What is the units digit of 43047?
7
What is the tens digit of 97911?
1
What is the units digit of 64843?
3
What is the tens digit of 567146?
4
What is the tens digit of 701462?
6
What is the ten thousands digit of 568926?
6
What is the tens digit of 275955?
5
What is the units digit of 3533499?
9
What is the hundred thousands digit of 5467326?
4
What is the hundred thousands digit of 403709?
4
What is the tens digit of 42552?
5
What is the ten thousands digit of 16331254?
3
What is the thousands digit of 3020526?
0
What is the tens digit of 6371735?
3
What is the thousands digit of 3742286?
2
What is the ten thousands digit of 908187?
0
What is the hundreds digit of 514407?
4
What is the units digit of 164818?
8
What is the units digit of 1340238?
8
What is the thousands digit of 502916?
2
What is the thousands digit of 361683?
1
What is the hundred thousands digit of 652785?
6
What is the thousands digit of 298279?
8
What is the units digit of 179354?
4
What is the hundreds digit of 10561477?
4
What is the ten millions digit of 23802422?
2
What is the millions digit of 35973673?
5
What is the thousands digit of 940920?
0
What is the ten thousands digit of 252062?
5
What is the hundr